 578273?
2
What is the ten thousands digit of 404159?
0
What is the tens digit of 1466954?
5
What is the hundreds digit of 2290446?
4
What is the ten thousands digit of 93578?
9
What is the hundred thousands digit of 13960904?
9
What is the units digit of 10541643?
3
What is the millions digit of 1247614?
1
What is the thousands digit of 312883?
2
What is the units digit of 537194?
4
What is the hundreds digit of 153090?
0
What is the hundreds digit of 457507?
5
What is the hundred thousands digit of 169120?
1
What is the ten millions digit of 33024365?
3
What is the millions digit of 5108174?
5
What is the ten thousands digit of 1102982?
0
What is the units digit of 323902?
2
What is the millions digit of 1166266?
1
What is the tens digit of 3813145?
4
What is the hundred thousands digit of 343390?
3
What is the tens digit of 4272487?
8
What is the hundred thousands digit of 1068321?
0
What is the hundred thousands digit of 6972844?
9
What is the tens digit of 3458790?
9
What is the millions digit of 1608804?
1
What is the units digit of 3365003?
3
What is the ten thousands digit of 299323?
9
What is the hundred thousands digit of 4738174?
7
What is the tens digit of 169010?
1
What is the thousands digit of 4218?
4
What is the hundred thousands digit of 3147771?
1
What is the thousands digit of 1005868?
5
What is the hundreds digit of 34608?
6
What is the units digit of 8529562?
2
What is the ten thousands digit of 149286?
4
What is the tens digit of 8030284?
8
What is the ten thousands digit of 783753?
8
What is the thousands digit of 10536849?
6
What is the tens digit of 298320?
2
What is the thousands digit of 4108046?
8
What is the hundred thousands digit of 771773?
7
What is the tens digit of 1847586?
8
What is the ten thousands digit of 4811740?
1
What is the tens digit of 130572?
7
What is the hundreds digit of 52394?
3
What is the thousands digit of 1142163?
2
What is the hundred thousands digit of 227520?
2
What is the millions digit of 6362652?
6
What is the thousands digit of 4387765?
7
What is the hundred thousands digit of 160471?
1
What is the ten thousands digit of 494198?
9
What is the thousands digit of 1711255?
1
What is the hundreds digit of 1852995?
9
What is the thousands digit of 65970?
5
What is the units digit of 501178?
8
What is the tens digit of 121793?
9
What is the ten thousands digit of 19937?
1
What is the thousands digit of 169758?
9
What is the hundreds digit of 310507?
5
What is the thousands digit of 20106225?
6
What is the units digit of 8609936?
6
What is the ten thousands digit of 74449?
7
What is the tens digit of 180592?
9
What is the thousands digit of 94335?
4
What is the tens digit of 213668?
6
What is the thousands digit of 1815397?
5
What is the millions digit of 3081034?
3
What is the units digit of 3041312?
2
What is the hundred thousands digit of 1284557?
2
What is the units digit of 59952?
2
What is the tens digit of 2215859?
5
What is the tens digit of 836059?
5
What is the thousands digit of 7013?
7
What is the tens digit of 992889?
8
What is the hundred thousands digit of 8967496?
9
What is the ten thousands digit of 17614?
1
What is the units digit of 15979122?
2
What is the units digit of 93987?
7
What is the tens digit of 99615?
1
What is the units digit of 184457?
7
What is the units digit of 280856?
6
What is the tens digit of 1912289?
8
What is the hundred thousands digit of 172978?
1
What is the thousands digit of 913124?
3
What is the hundred thousands digit of 2718515?
7
What is the thousands digit of 478764?
8
What is the hundreds digit of 81074?
0
What is the tens digit of 2883960?
6
What is the tens digit of 2512630?
3
What is the hundred thousands digit of 2383037?
3
What is the ten thousands digit of 5202255?
0
What is the thousands digit of 904551?
4
What is the units digit of 5927662?
2
What is the units digit of 494699?
9
What is the units digit of 702739?
9
What is the millions digit of 2623481?
2
What is the ten thousands digit of 18765?
1
What is the hundred thousands digit of 1431398?
4
What is the hundred thousands digit of 3846718?
8
What is the hundreds digit of 29892564?
5
What is the tens digit of 1673179?
7
What is the ten thousands digit of 460913?
6
What is the ten thousands digit of 189858?
8
What is the hundred thousands digit of 1865191?
8
What is the thousands digit of 423094?
3
What is the hundred thousands digit of 131590?
1
What is the hundred thousands digit of 4317857?
3
What is the ten thousands digit of 8991738?
9
What is the hundred thousands digit of 10049070?
0
What is the ten thousands digit of 186488?
8
What is the units digit of 3515794?
4
What is the ten thousands digit of 305169?
0
What is the thousands digit of 160350?
0
What is the thousands digit of 574700?
4
What is the units digit of 3614731?
1
What is the units digit of 6698032?
2
What is the units digit of 2762283?
3
What is the hundreds digit of 365916?
9
What is the hundred thousands digit of 222923?
2
What is the ten thousands digit of 277549?
7
What is the hundreds digit of 617092?
0
What is the tens digit of 883593?
9
What is the hundred thousands digit of 22948370?
9
What is the ten thousands digit of 18245983?
4
What is the tens digit of 4879025?
2
What is the thousands digit of 1048696?
8
What is the units digit of 224224?
4
What is the tens digit of 254017?
1
What is the tens digit of 19302?
0
What is the ten thousands digit of 738803?
3
What is the units digit of 403161?
1
What is the hundreds digit of 3819187?
1
What is the hundreds digit of 2274879?
8
What is the units digit of 287368?
8
What is the tens digit of 1495964?
6
What is the units digit of 548489?
9
What is the tens digit of 198869?
6
What is the hundred thousands digit of 217298?
2
What is the thousands digit of 584749?
4
What is the tens digit of 64434?
3
What is the thousands digit of 69558?
9
What is the ten thousands digit of 373962?
7
What is the hundred thousands digit of 262514?
2
What is the ten thousands digit of 280072?
8
What is the ten thousands digit of 168489?
6
What is the tens digit of 1109813?
1
What is the ten millions digit of 11314422?
1
What is the thousands digit of 76230?
6
What is the ten thousands digit of 7197858?
9
What is the millions digit of 2123840?
2
What is the hundreds digit of 676597?
5
What is the hundreds digit of 3211480?
4
What is the millions digit of 2160191?
2
What is the thousands digit of 6374?
6
What is the tens digit of 6346827?
2
What is the tens digit of 575725?
2
What is the hundreds digit of 3355383?
3
What is the ten thousands digit of 158646?
5
What is the thousands digit of 3481598?
1
What is the hundred thousands digit of 120561?
1
What is the ten thousands digit of 9462799?
6
What is the ten millions digit of 12494255?
1
What is the thousands digit of 7591616?
1
What is the units digit of 305005?
5
What is the tens digit of 584083?
8
What is the hundreds digit of 121754?
7
What is the ten thousands digit of 3916347?
1
What is the thousands digit of 5427031?
7
What is the thousands digit of 12914989?
4
What is the tens digit of 3233663?
6
What is the hundred thousands digit of 1740785?
7
What is the units digit of 112037?
7
What is the tens digit of 3464460?
6
What is the units digit of 20860?
0
What is the ten thousands digit of 174856?
7
What is the thousands digit of 16063580?
3
What is the tens digit of 1119472?
7
What is the hundred thousands digit of 412572?
4
What is the millions digit of 6394247?
6
What is the hundred thousands digit of 10281530?
2
What is the ten thousands digit of 5775523?
7
What is the tens digit of 52744?
4
What is the hundred thousands digit of 154402?
1
What is the hundreds digit of 28705?
7
What is the units digit of 16820585?
5
What is the ten millions digit of 13555776?
1
What is the tens digit of 76596?
9
What is the tens digit of 1090058?
5
What is the tens digit of 11964485?
8
What is the hundred thousands digit of 204398?
2
What is the ten thousands digit of 327975?
2
What is the millions digit of 3492166?
3
What is the tens digit of 6666?
6
What is the thousands digit of 7026898?
6
What is the millions digit of 1718915?
1
What is the millions digit of 10725988?
0
What is the units digit of 706959?
9
What is the hundre